1 - 13) - -5?
-17
What is the value of -5 - (23 - 14) - -5?
-9
What is 6 + 0 - (38 - 52 - -19)?
1
What is -6 - (-2 + -6 + -6)?
8
What is the value of -1 + -3 + 0 - (3 - 3 - -2)?
-6
-58 + 57 - (-2 - (9 - 0))
10
What is (-1 - 6 - ((-12 - 6) + 12)) + 23?
22
Evaluate (1 + -2 - 0) + (19 - (-19 - -33)).
4
Calculate -21 + -22 + 61 - 3.
15
Calculate 0 - (0 + -11 - (-2 - (6 - 6))).
9
10 - (-1 - (-13 + -8))
-10
Calculate (22 - (26 - 2)) + -9.
-11
What is the value of 5 + (-8 - (-13 - 11)) + -9?
12
16 + -9 + (1 - (12 + -3) - 2)
-3
What is the value of -20 - (-15 + -6 + -4)?
5
Calculate -22 + 23 + -13 - -48.
36
What is 0 + -6 + 10 + -13 + 11?
2
What is the value of -2 - (14 + -1 - 13)?
-2
What is the value of -32 - (34 - 63) - -16?
13
What is 2 + 6 + -5 + -2 + 2 + -16?
-13
Calculate -5 + -4 + ((-1 - 4) + 24 - 6).
4
Evaluate (7 - 1) + (-2 - (-10 + 1 - -12)).
1
What is (6 - -3) + -16 + 2 - 5?
-10
What is the value of 13 + -23 + 5 + -4?
-9
3 + -5 + 7 + -2
3
Calculate -6 - ((17 - 26) + 2 + 1 - 3).
3
2 + 2 + 1 + -5 - (-44 - -45)
-1
Evaluate 8 - (4 - -17) - -1.
-12
Calculate -1 + (0 - 7) - (79 + -140 + 52).
1
93 + (76 - 162) - ((1 - 0) + 5)
1
Evaluate 15 + 3 + -2 + -13 + -20.
-17
25 + (-11 - -3) + -10
7
What is (-37 - -56 - (-1 + 2)) + -8?
10
Evaluate 24 + -11 + 13 + -16.
10
6 + (-4 + 4 - -4)
10
(17 - 13) + (-5 - -3) - 15
-13
What is 19 - (2 + 9) - -2 - 14?
-4
What is 0 + 14 - ((17 - 9) + -17 + 7)?
16
Evaluate -5 + 5 - (-3 + -5).
8
Calculate -2 + 9 + 3 + -11.
-1
What is 0 - -22 - (117 + -107)?
12
Evaluate -22 + -16 + 18 + -10.
-30
What is the value of -22 + 14 + (-9 - (1 - 11))?
-7
-370 - -371 - (11 + (2 - 1) + 2)
-13
What is the value of (12 - (-3 - (8 + -10))) + 3?
16
Calculate 128 + -119 + -5 + 3 + -2.
5
Calculate (36 - 76) + 13 - -25.
-2
Evaluate -187 - -174 - (1 + -11) - (2 + -35).
30
What is the value of -33 - (13 + -38 - 30)?
22
What is the value of (-2 + 9 - (-1 + 0)) + -18?
-10
Evaluate -6 - (5 + (-9 - 1 - -7) + 0).
-8
What is 3 + -6 - (7 + -22 - -6)?
6
What is (2 - 5) + 3 + 17 + -495 + 494?
16
What is -25 + (11 + -6 - -6) - (-1 + -3)?
-10
Evaluate 141 - 131 - ((13 - 3) + -1).
1
17 + -46 + 9 - -2
-18
Evaluate -19 - (145 + -148 - (6 - -1)).
-9
Evaluate -1 + -2 - (12 + 11 + -16).
-10
Evaluate -11 - (-11 + 5) - (-7 + 14 - 5).
-7
-11 - -20 - 0 - -19
28
(-4 - (-4 - (0 + -7))) + 4
-3
(-1 - 1) + -26 + 22 - (7 - 3)
-10
Evaluate (8 - 9) + 0 - -4 - -9.
12
-35 - (8 + (-18 - 9))
-16
28 + -10 + -13 + 8
13
What is the value of -3 + -3 + -7 + (13 - -1) - 18?
-17
-15 + (-1 - 1) - -5
-12
Evaluate (-24 - -18) + -7 - (0 - 13).
0
Evaluate (1 + 1 - 9 - -5) + 12.
10
Calculate (34 - (2 - -72)) + 20.
-20
3 + (11 - (5 + 2)) + -8
-1
What is the value of -4 - (2 + -11) - 9?
-4
What is (18 - (43 - 14)) + 21 + -2?
8
What is the value of -3 + (-11 - -18 - -9)?
13
(2 + 2 - 7 - -28) + 1 - 10
16
What is the value of (1 - -8) + (1 - 7) + -1 + 4?
6
What is the value of (-103 - -111) + 2 + (-5 - 0 - 28)?
-23
What is (76 - 81) + (2 - 2 - -2)?
-3
Evaluate (-47 - -26) + (-5 - -1) + 0.
-25
What is the value of 4 + -4 + (-1 - (0 + 8 + -6))?
-3
-106 - -112 - (8 - -6)
-8
What is the value of 1 + -1 + (16 - (-20 - -32)) - 13?
-9
Calculate 0 + -12 + 78 + -81.
-15
What is (-22 - -2 - 0) + (5 - (-28 - -27))?
-14
Calculate (7 - (-6 + 5)) + (3 + -1 - 3).
7
Calculate (37 - (-6 - -2)) + -41 + 23.
23
-4 - (-9 + 15 + 1 + -18)
7
Calculate 1 + -7 - (2 + 9 + 12 + -42).
13
Evaluate -21 + 4 + -26 + 41.
-2
-6 - (-27 + 9) - 25
-13
What is 1 + 4 + (9 - -6) + -18?
2
Calculate 13 + -21 - (2 + 4 + -2 + -5).
-7
Calculate (-41 - -47) + (2 - (3 - -14)).
-9
What is the value of (-6 - -3) + (-4 - (-6 + 4 + -27))?
22
What is (-5 - 13) + 12 + 14?
8
0 - 13 - (-6 + 4) - (0 + 9)
-20
What is -7 - (8 - (10 + 10))?
5
Evaluate 18 - (49 + -32 + 15).
-14
What is 27 - (-13 - (37 - 86))?
-9
What is -1 + (-2 - 2) - (-6 + 0 + 22)?
-21
What is -3 - (-26 - -29 - (10 + 2))?
6
What is (-3 - -6) + 3 + -8 + (1 - -11)?
10
What is 1 - (15 + (-15 - -20)) - (0 - 12)?
-7
Calculate 5 + 6 + (12 + -20 - (3 + 0)).
0
What is 0 + 3 + (0 - -12) + 13?
28
Calculate (-6 - (1 - (-3 - -1))) + (-13 - -19).
-3
Calculate -33 + -20 - -4 - -14.
-35
Calculate -5 + 20 + -30 - (-12 + 30).
-33
What is the value of 17 - (14 + -12 - -8) - (15 - 0)?
-8
Calculate 34 - (-23 + 60) - (-12 + 1).
8
Calculate (42 - -15) + -17 - 46.
-6
Evaluate 1 + 15 - (-131 - -143).
4
Calculate 1 - (-1 + 2 + (-9 - -9 - 1)).
1
Evaluate -26 + -3 + 3 - (-72 + 78).
-32
Calculate -4 + (-9 + 1 - (-10 - (-2 + -3))).
-7
What is 16 + (-2 - ((7 - 7) + 6))?
8
What is 0 + (-1 - 6 - -7) + -1?
-1
What is the value of (4 - (4 + -8 + -1 + 0)) + 2?
11
What is 22 - 0 - (-255 + 297)?
-20
Evaluate (-7 - -4 - -2) + 7 - 2 - -3.
7
0 + -8 + (5 - -18 - 12 - 11)
-8
(30 - 1 - (8 + 5)) + 11
27
What is the value of (0 - 0) + 6 + -11?
-5
Evaluate 8 - (-4 - (-3 + 9) - -31).
-13
What is -3 + 18 + -4 + -1 + -10?
0
Evaluate -6 + (-23 + (-16 - -30) - (3 + -1)).
-17
Calculate 537 + -562 - (-14 + 1).
-12
What is -2 + -7 - 10 - -10?
-9
Evaluate 28 + (8 - 35) + -20.
-19
What is the value of -5 + 1 + 1 - (18 + -33 + 9)?
3
Calculate -12 - 12 - (14 - 36).
-2
Calculate 10 + 8 + 22 + -29.
11
Evaluate 2 + -15 + 32 + 2 + -9.
12
Evaluate 5 + 7 + -9 - (2 + 0 + -3).
4
Calculate (5 + -1 + 2 - (4 - -8)) + -11.
-17
Evaluate -6 + -14 + 19 + 5 + -1.
3
What is the value of 0 + 11 - (41 + -30)?
0
(2 - -6) + -7 + (9 - 15) + 9
4
What is 1 + -6 + (-10 - 0) + 6?
-9
Calculate (-4 + -2 - 2) + (12 - 9) + 1.
-4
What is the value of 0 + (4 + -2 - (1 - 11))?
12
What is 1 - (-3 - (0 - (-3 - (1 - 1))))?
7
Calculate 17 - 2 - (32 + -30) - (-3 + 6).
10
Evaluate (8 - 4 - -8) + 5 + -12.
5
Calculate -12 - (-5 - (15 - 4)).
4
Calculate 623 - 620 - (2 - (13 + -1 + -1)).
12
What is the value of 32 + (-9 - (-12 - -5 - -10 - 4))?
24
What is the value of -1 + 0 - -8 - (29 + -170 + 133)?
15
Evaluate -1 + 12 + -2 - (5 + 17 + -22).
9
Evaluate -15 + -6 + 9 + -12 + -1.
-25
What is 10 + (-18 - -46) + -81 + 1 + 10?
-32
What is the value of (-5 - ((5 - -1) + -6 - 8)) + 19?
22
Calculate (-18 - 0) + 8 + -22 + 13 + 6.
-13
Evaluate 3 + -6 + -1 + -2 + 5 + 2.
1
What is -59 + 35 + -13 + -4 + 14?
-27
Calculate -17 + 1 - -24 - (1 - 5).
12
What is the value of 10 - (-9 + 10 - -11)?
-2
What is the value of 12 - (1 - (-4 + 5 - 9 - -3))?
6
What is -177 - -182 - ((27 - 2) + (-2 - -5))?
-23
What is (4 + 17 - 4) + -15?
2
(1 - 7 - -31) + -5 + 19
39
Evaluate 22 + (-41 - -2) - -43.
26
Calculate 30 + -34 + -16 - (-1 - 9).
-10
What is the value of -3 - 12 - -7 - (-16 - 0)?
8
What is the value of (7 - -1 - 2) + 2 + -10?
-2
Calculate -6 - (5 + 3 + -12).
-2
What is the value of (11 + 9 + -19 + 10 - 17) + 24?
18
Evaluate -3 - (-6 + (4 - 5)) - (-13 - -4).
13
Calculate -4 + 4 + 5 + 2 - (-31 - -35).
3
-10 - (-3 - 2 - -1) - (10 - 16)
0
-19 + 30 + (2 - 3) + -3
7
6 - (4 - (12 + 1)) - (2 + 1)
12
Evaluate 8 - (82 - 76 - (-3 - 1)) - -9.
7
What is 4 + (1 - 8) + 5 - 22?
-20
What is -1 - (1 + 4 + -7 - 3 - 3)?
7
-22 + (35 - 0 - 5)
8
Evaluate (4 - (-2 - -4)) + (-4 - (16 - 7)).
-11
What is the value of 8 + (11 - 5) + (34 - 76)?
-28
What is the value of (36 + -4 - -1 - -3) + -163 + 162?
35
-36 + -15 + 7 + 18
-26
What is the value of -17 + 11 + (27 - 6)?
15
What is the value of (-17 - -45) + -6 + -8?
14
What is the value of 11 - (1 + (13 - 3))?
0
What is (15 + -9 - -6) + -13?
-1
-16 - 0 - (64 - (45 + 31))
-4
6 + (6 + (-11 - -6) - (2 + 1))
4
What is the value of -6 + -7 + -2 + -3 + 10 + 21?
13
Calculate 102 + -115 - (-1 + -20).
8
What is the value of -11 + 16 + -1 - ((-1 - 11) + 4)?
12
What is -6 - (-7 + (2 - 4) + 20 + -1)?
-16
Evaluate (43 - 11 - 18) + -9.
5
(-9 - 0) + 20 + -1 + (-6 - 16)
-12
What is the value of (-35 - -40) + (-2 - 10)?
-7
Calculate 15 + -9 - (4 + 18 + 3).
-19
1 + 6 + (7 - (-8 + 36)) + 4
-10
-1 + -2 + -3 + 14 + -3
5
Calculate -4 + (-11 - 3 - -16) + 23.
21
Evaluate 14 + (2 - (55 + (0 - 9))).
-30
Calculate (-96 - -116) + 0 + -7.
13
Calculate (-5 - -4 - -8) + -7 + -7 - -3.
-4
What is 34 - (-10 - (10 - 35))?
19
4 - 12 - (-1 - (1 + -4))
-10
Calculate 6 + (0 - -3) + (35 - (32 - 3)).
15
What is -15 + (9 - (-12 + 7))?
-1
What is the value of 19 + (18 - 40) - (1 - -21)?
-25
What is the value of (23 - 34) + 3 + 8 + -40?
-40
What is the value of -27 - -43 - (5 - (4 - -4))?
19
Calculate 4 - (-1 + (-11 - -9)).